. Let j = n - 17. Suppose 0*u = j*u - 72. What are the prime factors of u?
2, 3
Let n(k) = k**2 + 14*k + 42. List the prime factors of n(-10).
2
Suppose -k - 5 = c, -k + 2*c = -0*k - 10. Let y be (k - (-28)/4)/1. Let b(z) = -z**3 + 7*z**2 + 2*z - 10. List the prime factors of b(y).
2
What are the prime factors of (-1380)/(-135) - (24/(-27))/(-4)?
2, 5
List the prime factors of (-26)/(-143) - (-10468)/22.
2, 7, 17
Let c be -2*(12/(-8) - 1). Let h be 272/24*c*3. Suppose 5*j + 5*o = 225, 0 = 4*j + 4*o - 2*o - h. List the prime factors of j.
2, 5
What are the prime factors of (4/(-1) + 0)*-2*1?
2
Let n(w) = 3*w**2 + 15*w + 7. Let s(t) = -t**3 - 5*t**2 - 5*t - 3. Let l be s(-3). What are the prime factors of n(l)?
5
Let q(p) = 5*p + 43. Let v be q(-21). Let h = v + 71. List the prime factors of h.
3
Let q(k) = k**2 + 6*k + 3. Let y be q(-7). Suppose y*w - 380 = 5*w. List the prime factors of w.
2, 19
What are the prime factors of 227020/140 + 12/28?
2, 811
Suppose -5012 = 19*q - 26*q. What are the prime factors of q?
2, 179
Suppose -4*j + 1149 + 923 = 0. What are the prime factors of j?
2, 7, 37
Suppose -x = 35 - 40. Suppose x*k - 3*c = -5*c + 329, -3*k + 187 = -4*c. List the prime factors of k.
5, 13
Let y(q) be the first derivative of -5*q**2/2 - 16*q - 9. What are the prime factors of y(-16)?
2
Let o(b) = 394*b**2 - 2*b + 1. What are the prime factors of o(2)?
11, 13
Let t(m) = 2*m**2 + 24*m + 146. What are the prime factors of t(-20)?
2, 233
Suppose -4*z - 108 = 2*b, 5*z - 7*b + 3*b = -135. Let m = 27 + z. Suppose -32 = -k - m*k. List the prime factors of k.
2
Let q = 4400 - 2344. List the prime factors of q.
2, 257
Suppose 96 = 10*n - 2*n. Suppose 4*b = 5*c - 659, -3*c - n*b = -7*b - 388. List the prime factors of c.
131
Suppose 3*d = -x + 8, 4*d = 5*x - x - 16. Suppose -2*q = -3*f + 4, -x = -0*q - 5*q. List the prime factors of f.
2
Let c(t) = t**2 + 6*t - 2. Let b(q) = q**2 + 7*q - 2. Let p(g) = -5*b(g) + 6*c(g). Let r be p(-2). Suppose -v + 8 + 18 = r. List the prime factors of v.
2, 13
Let u(q) = -11*q + 19. Let g(j) = -5*j + 9. Let x(a) = -5*g(a) + 2*u(a). Let t be x(3). What are the prime factors of (1 - 0)/(t/10)?
5
Let m(n) be the first derivative of -107*n**2/2 - 6*n + 17. What are the prime factors of m(-2)?
2, 13
Let z(l) = l**3 - 10*l**2 + 13*l - 4. Let v be z(9). Suppose -i - 6 = -v. Suppose -4*o = -206 + i. List the prime factors of o.
3, 5
Suppose 0 = 15*x - 26 - 49. Suppose -7*f + x*f = -450. List the prime factors of f.
3, 5
Let y(f) = 7*f - 1. Let b be y(3). Suppose -7*c - b = -2*c, 21 = g + 2*c. Let v = -3 + g. List the prime factors of v.
2, 13
Suppose 0*a - 5*j - 1555 = -5*a, -a = 2*j - 296. What are the prime factors of (a/8)/((-1)/(-4))?
3, 17
What are the prime factors of (-2)/4 + 6*296/96?
2, 3
Let q(j) = -j**2 + 12*j + 17. Let x be q(12). Suppose 6*l = l + 140. Suppose -x - l = -3*k. List the prime factors of k.
3, 5
List the prime factors of 9561/(((-2)/(-1))/(74/111)).
3187
Let t(a) = 3*a - 42. Let b be t(15). Suppose u + 195 = f - b*u, -5*u = -25. What are the prime factors of f?
5, 43
List the prime factors of ((-6676)/12)/(22/(-66)).
1669
Suppose 6 - 24 = -6*b. Suppose -2*v = -4, b*i = v + v + 2. List the prime factors of i.
2
Suppose 0 = b + m - 2*m + 1, 2*m = -2*b + 18. Suppose -11 + 3 = -4*c. Suppose b*x + c*y = 45 + 15, 2*x + 4*y = 36. List the prime factors of x.
2, 7
Let c(i) = i**2 - 11*i + 1. Let n be (-316)/(-26) - (-26)/(-169). What are the prime factors of c(n)?
13
Suppose 2*w = v - w + 8, -w = -2. List the prime factors of (95/(-15))/(2/(v + -16)).
3, 19
Suppose 4*o = -3*q + 1434, 25*o = 23*o - q + 716. List the prime factors of o.
3, 7, 17
What are the prime factors of 4/22 - 45726/(-66)?
3, 7, 11
Let f = -397 + 906. List the prime factors of f.
509
Let q(v) = -2*v + 18. Let d be q(8). Suppose -4*s + d*s = 4*f - 216, -3*f + 162 = -2*s. List the prime factors of f.
2, 3
Let d = 615 + -51. List the prime factors of d.
2, 3, 47
Suppose 0 = -25*z + 8184 + 6516. What are the prime factors of z?
2, 3, 7
What are the prime factors of 125 - (2/5)/(3/30)?
11
List the prime factors of (-8691)/15*(-2 - 3).
2897
Let k = 1 + 14. Suppose -2*x = -k - 1. Suppose x = -3*v + 83. What are the prime factors of v?
5
Let o(l) be the first derivative of -9*l**2/2 + 2*l + 1. Let v(n) = n**3 - 10*n**2 + 9*n - 1. Let r be v(9). List the prime factors of o(r).
11
Suppose 40 = -3*q - 4*o + 225, -225 = -4*q - o. Let r = 57 - q. List the prime factors of r.
2
Suppose -4*l - u + 15299 = 0, -2*l - 3586 = -2*u - 11238. List the prime factors of l.
3, 5, 17
Suppose 0 = 9*f - 4*f - 10. Suppose 0 = -f*o - 77 - 65. Let h = -43 - o. List the prime factors of h.
2, 7
Let v = -4 - -6. Suppose g - 75 = -v*g. List the prime factors of g.
5
Let r = -792 - -470. Let b = -168 - r. What are the prime factors of b?
2, 7, 11
Let v(p) = -p**2 + 3*p + 84. Let h = 29 - 29. What are the prime factors of v(h)?
2, 3, 7
Let n = 62 + -113. Let t = n - -112. What are the prime factors of t?
61
Let a be (-22)/6*-3 - -1. Suppose 19*s + a = 23*s. Suppose -s*w = 15 - 207. List the prime factors of w.
2
Suppose 10349 + 5299 = 16*p. Suppose -4*w - 2*l + 24 = -p, -4*l = 3*w - 759. List the prime factors of w.
3, 83
Let r(s) = s**2 + 13*s - 13. Let w be r(-12). Let u = 50 - w. Suppose -u = -3*k - 18. What are the prime factors of k?
19
Suppose 5*q = -0*q + 145. Suppose 4*k - 26 = 2*y - 0*y, 0 = 5*k + y - q. Let x(h) = h**2 + 2*h. List the prime factors of x(k).
2, 3
Suppose -2*n = -5*k - 5*n + 3286, 3*n - 1309 = -2*k. List the prime factors of k.
659
Let u be 632/9 + (-2)/9. Suppose -2*b = -f + 26 + u, 0 = -f - 3*b + 76. List the prime factors of f.
2, 11
Let x be -2*(-9)/(-6) + 6. Suppose 5*w = x*f - 78, -4*f + 121 = -0*f - w. What are the prime factors of f?
31
List the prime factors of (2 - 5) + 3 - (-4987 + 0).
4987
Suppose 10 = -a + 4. Let f(z) = -6*z - z**2 - 9 + 2*z - 6*z. List the prime factors of f(a).
3, 5
Let g(j) = j + 7. Let z(v) be the second derivative of v**3/6 + 5*v**2/2 + v. Let y be z(8). What are the prime factors of g(y)?
2, 5
Let i(n) be the third derivative of n**4 - 13*n**3/3 - 39*n**2 - n. What are the prime factors of i(4)?
2, 5, 7
Suppose -5*s - 3*b + 3581 = 0, -5*s = -6*s - 4*b + 723. List the prime factors of s.
5, 11, 13
Suppose -3*l + 17 = -31. Suppose -98 = -3*p + l. What are the prime factors of p?
2, 19
Let c = 35 - 19. Suppose -c*j + 12*j + 188 = 0. What are the prime factors of j?
47
Suppose 6*p - 13 + 13 = 0. Suppose -m - a + 3*a + 49 = p, 0 = m - a - 54. What are the prime factors of m?
59
Let p be (-444)/16 - (-3)/(-12). Let i = p + 50. Suppose 4*l - 166 = -i. List the prime factors of l.
2, 3
Let s = 0 - 0. Suppose 4*r + z + 3*z + 20 = s, -12 = 4*z. Let u = r - -22. List the prime factors of u.
2, 5
Let n(f) = -13*f + 19. Suppose 0 = 5*k - 20, -3*k = -5*o - 15 - 12. What are the prime factors of n(o)?
2, 29
Suppose -3*w - 1 + 10 = 0. Suppose 2*t + 12 = 2*n + 4, 0 = -w*t + 3. Suppose -c = -n*u - 39, 0 = 4*c - 4*u + 23 - 131. List the prime factors of c.
2, 3
Suppose 2*x - 3 + 1 = 0. Let v(w) = 28*w**3 - 2*w**2 + 1. Let r be v(x). Let a = r + -13. List the prime factors of a.
2, 7
Suppose 5*j + 1485 = 124*y - 120*y, -4*y - j = -1503. What are the prime factors of y?
3, 5
Suppose 0 = -10*h - 0*h + 570. Suppose -h = -r + 1. List the prime factors of r.
2, 29
Suppose 40*q - 84140 = 12*q. List the prime factors of q.
5, 601
Suppose -3*n - 7436 + 2336 = -5*k, -2*n = 2*k - 2024. List the prime factors of k.
3, 113
Let p(f) = f**3 - 3*f**2 - 2*f - 6. Let m be p(-4). Let a = m + 164. What are the prime factors of a?
2, 3
Suppose -1460 - 541 = -4*z + 3*u, -2*z - 3*u + 987 = 0. What are the prime factors of z?
2, 3, 83
Suppose 2*y - 267 - 561 = 2*l, 6 = -2*l. List the prime factors of y.
3, 137
List the prime factors of (8671/(-46))/((-10)/4 + 2).
13, 29
Suppose f + 7 = 3*f + i, 4*i = -4*f + 8. Suppose f*t + c = 447, -3*t = -0*c - 2*c - 263. What are the prime factors of t?
89
Let p = 306 - 118. List the prime factors of p.
2, 47
Let o(c) = c**3 - 8*c**2 + 6*c + 16. Let s be o(7). Suppose -s*u + 1 + 26 = 0. What are the prime factors of u?
3
Suppose -3*u + a = -4*u + 413, -5*a - 1688 = -4*u. What are the prime factors of u?
3, 139
